at are the prime factors of 3087?
3, 7
List the prime factors of 62022.
2, 3, 10337
What are the prime factors of 186?
2, 3, 31
What are the prime factors of 8572?
2, 2143
What are the prime factors of 35578?
2, 17789
List the prime factors of 1419.
3, 11, 43
What are the prime factors of 105?
3, 5, 7
What are the prime factors of 2293?
2293
What are the prime factors of 10916?
2, 2729
What are the prime factors of 106825?
5, 4273
What are the prime factors of 656?
2, 41
What are the prime factors of 6352?
2, 397
What are the prime factors of 8059?
8059
List the prime factors of 21393.
3, 2377
List the prime factors of 14257.
53, 269
List the prime factors of 11084.
2, 17, 163
What are the prime factors of 361?
19
What are the prime factors of 146514?
2, 3, 24419
List the prime factors of 29634.
2, 3, 11, 449
What are the prime factors of 498?
2, 3, 83
List the prime factors of 4104.
2, 3, 19
What are the prime factors of 681?
3, 227
What are the prime factors of 61?
61
List the prime factors of 8126.
2, 17, 239
List the prime factors of 1907.
1907
What are the prime factors of 157025?
5, 11, 571
What are the prime factors of 1678?
2, 839
What are the prime factors of 33035?
5, 6607
List the prime factors of 1380.
2, 3, 5, 23
List the prime factors of 895.
5, 179
List the prime factors of 986.
2, 17, 29
List the prime factors of 833.
7, 17
What are the prime factors of 171994?
2, 23, 3739
What are the prime factors of 1154?
2, 577
What are the prime factors of 2125?
5, 17
List the prime factors of 92367.
3, 11, 311
What are the prime factors of 3788?
2, 947
What are the prime factors of 2275?
5, 7, 13
What are the prime factors of 4132?
2, 1033
What are the prime factors of 3504?
2, 3, 73
List the prime factors of 787.
787
List the prime factors of 714.
2, 3, 7, 17
List the prime factors of 111288.
2, 3, 4637
List the prime factors of 54318.
2, 3, 11, 823
What are the prime factors of 7827?
3, 2609
List the prime factors of 31816.
2, 41, 97
What are the prime factors of 67403?
7, 9629
List the prime factors of 23341.
17, 1373
What are the prime factors of 59060?
2, 5, 2953
What are the prime factors of 3753?
3, 139
What are the prime factors of 182?
2, 7, 13
What are the prime factors of 870?
2, 3, 5, 29
What are the prime factors of 1941?
3, 647
List the prime factors of 2004.
2, 3, 167
List the prime factors of 110815.
5, 37, 599
What are the prime factors of 11174?
2, 37, 151
List the prime factors of 53770.
2, 5, 19, 283
List the prime factors of 1436.
2, 359
What are the prime factors of 14773?
11, 17, 79
What are the prime factors of 37250?
2, 5, 149
List the prime factors of 1864.
2, 233
List the prime factors of 2475.
3, 5, 11
What are the prime factors of 1672?
2, 11, 19
What are the prime factors of 3006?
2, 3, 167
List the prime factors of 5570.
2, 5, 557
What are the prime factors of 1682?
2, 29
List the prime factors of 110879.
110879
What are the prime factors of 52924?
2, 101, 131
What are the prime factors of 34685?
5, 7, 991
What are the prime factors of 27592?
2, 3449
List the prime factors of 681.
3, 227
List the prime factors of 8217.
3, 11, 83
List the prime factors of 718.
2, 359
List the prime factors of 534.
2, 3, 89
What are the prime factors of 73216?
2, 11, 13
List the prime factors of 9257.
9257
List the prime factors of 1778.
2, 7, 127
What are the prime factors of 17718?
2, 3, 2953
What are the prime factors of 4847?
37, 131
List the prime factors of 41847.
3, 13, 29, 37
What are the prime factors of 67014?
2, 3, 17, 73
What are the prime factors of 558?
2, 3, 31
What are the prime factors of 86?
2, 43
What are the prime factors of 4109?
7, 587
List the prime factors of 16889.
16889
What are the prime factors of 5378?
2, 2689
What are the prime factors of 23867?
29, 823
What are the prime factors of 72794?
2, 17, 2141
What are the prime factors of 32753?
7, 4679
What are the prime factors of 25777?
149, 173
List the prime factors of 1323.
3, 7
What are the prime factors of 9978?
2, 3, 1663
List the prime factors of 33535.
5, 19, 353
List the prime factors of 599.
599
List the prime factors of 10968.
2, 3, 457
What are the prime factors of 12060?
2, 3, 5, 67
List the prime factors of 7224.
2, 3, 7, 43
List the prime factors of 114840.
2, 3, 5, 11, 29
List the prime factors of 62493.
3, 37, 563
List the prime factors of 2895.
3, 5, 193
List the prime factors of 2204.
2, 19, 29
What are the prime factors of 21721?
7, 29, 107
List the prime factors of 48687.
3, 16229
List the prime factors of 28812.
2, 3, 7
List the prime factors of 942.
2, 3, 157
What are the prime factors of 28336?
2, 7, 11, 23
What are the prime factors of 30689?
30689
List the prime factors of 7538.
2, 3769
What are the prime factors of 1409?
1409
List the prime factors of 6895.
5, 7, 197
What are the prime factors of 4995?
3, 5, 37
List the prime factors of 16781.
97, 173
What are the prime factors of 20545?
5, 7, 587
List the prime factors of 36230.
2, 5, 3623
List the prime factors of 1354.
2, 677
What are the prime factors of 383?
383
List the prime factors of 2084.
2, 521
What are the prime factors of 25892?
2, 6473
List the prime factors of 39398.
2, 19699
List the prime factors of 53941.
17, 19, 167
List the prime factors of 66141.
3, 7349
List the prime factors of 62620.
2, 5, 31, 101
What are the prime factors of 7169?
67, 107
What are the prime factors of 13633?
13633
List the prime factors of 20678.
2, 7, 211
What are the prime factors of 1693?
1693
What are the prime factors of 75823?
11, 61, 113
What are the prime factors of 2617?
2617
What are the prime factors of 260?
2, 5, 13
What are the prime factors of 4548?
2, 3, 379
List the prime factors of 3528.
2, 3, 7
What are the prime factors of 1530?
2, 3, 5, 17
List the prime factors of 64999.
11, 19, 311
List the prime factors of 576.
2, 3
What are the prime factors of 50039?
11, 4549
What are the prime factors of 15166?
2, 7583
What are the prime factors of 579?
3, 193
List the prime factors of 1428.
2, 3, 7, 17
What are the prime factors of 552?
2, 3, 23
List the prime factors of 886.
2, 443
List the prime factors of 3204.
2, 3, 89
List the prime factors of 1345.
5, 269
What are the prime factors of 3227?
7, 461
What are the prime factors of 2004?
2, 3, 167
List the prime factors of 1497.
3, 499
List the prime factors of 29352.
2, 3, 1223
What are the prime factors of 46924?
2, 11731
List the prime factors of 709.
709
What are the prime factors of 12247?
37, 331
What are the prime factors of 13237?
7, 31, 61
What are the prime factors of 2366?
2, 7, 13
What are the prime factors of 2710?
2, 5, 271
What are the prime factors of 28880?
2, 5, 19
List the prime factors of 13367.
13367
List the prime factors of 907.
907
List the prime factors of 54244.
2, 71, 191
What are the prime factors of 7480?
2, 5, 11, 17
List the prime factors of 2826.
2, 3, 157
What are the prime factors of 21628?
2, 5407
What are the prime factors of 166616?
2, 59, 353
What are the prime factors of 925?
5, 37
What are the prime factors of 15749?
15749
List the prime factors of 6512.
2, 11, 37
What are the prime factors of 176?
2, 11
List the prime factors of 221.
13, 17
What are the prime factors of 77?
7, 11
List the prime factors of 63910.
2, 5, 7, 11, 83
List the prime factors of 44645.
5, 8929
List the prime factors of 48473.
48473
What are the prime factors of 1630?
2, 5, 163
What are the prime factors of 71352?
2, 3, 991
What are the prime factors of 29896?
2, 37, 101
List the prime factors of 650.
2, 5, 13
List the prime factors of 5437.
5437
List the prime factors of 32850.
2, 3, 5, 73
What are the prime factors of 2013?
3, 11, 61
List the prime factors of 50372.
2, 7, 257
List the prime factors of 890.
2, 5, 89
What are the prime factors of 1181?
1181
What are the prime factors of 6524?
2, 7, 233
What are the prime factors of 144516?
2, 3, 12043
List the prime factors of 24128.
2, 13, 29
What are the prime factors of 45338?
2, 22669
List the prime factors of 33647.
33647
What are the prime factors of 15670?
2, 5, 1567
List the prime factors of 923.
13, 71
List the prime factors of 1150.
2, 5, 23
List the prime factors of 90420.
2, 3, 5, 11, 137
List the prime factors of 45344.
2, 13, 109
What are t